- 2/3*r**3 + 0*r. Let k(f) be the third derivative of u(f). Give k(4).
0
Let q(m) = 2*m**2 - 3*m + 2. Suppose -15 = 3*f + 3*a, 2*a - 10 = f + 4*a. Suppose f = 4*w - 2*w - 4. What is q(w)?
4
Let u(v) be the second derivative of v**4/24 - v**3/6 - v**2/2 - 2*v. Let l(z) be the first derivative of u(z). Give l(-4).
-5
Let r = 13 + -18. Let b = 6 + r. Let o(l) = -2*l**2 - l + 1. Calculate o(b).
-2
Let l(i) = 2*i. Let w be l(1). Let a(m) = -1 + m**2 + 3*m - 2 + w. Suppose 3*v + 2*d + 10 = 2, -2*v = 5*d + 9. Give a(v).
-3
Let z(w) = w**2 + 4*w - 4. Let r be -8 - (3/(-3) + 1). Let c = r + 3. Calculate z(c).
1
Let a(y) = -4 - 15*y**3 + 3*y + 14*y**3 + 5*y**2 - 2*y - 2*y**2. Calculate a(3).
-1
Let p(f) = 3*f + 12. Let s be p(-8). Let z = -6 - s. Let t(r) be the third derivative of r**5/60 - r**4/4 + r**3/2 - 8*r**2. Calculate t(z).
3
Let z be 6/15 + (-36)/15. Let j(n) = -4 - 1 + 6 + 2*n - 3. Determine j(z).
-6
Let w(p) = p**3 - 2*p**2 + p - 3. Let i(t) = -t**3 - 16*t**2 + 16*t - 14. Let h be i(-17). Give w(h).
9
Suppose -88 = 5*w + 6*w. Let m(d) = d**3 + 9*d**2 + 10*d + 14. What is m(w)?
-2
Let y(g) = 3*g**2 + 2*g - 1. Suppose 2*z - z - 4 = 0. Let k = z - 3. Let j be y(k). Let i(d) = -d + 5. Give i(j).
1
Let g(p) = -4*p**2 - 4*p - 3. Let o(l) = -l**2 + 9*l + 20. Let k be o(11). Calculate g(k).
-11
Let i be 5/2*16/20. Let y(n) = 12 - 12 + 3*n**2 - n**i. Suppose -4*h - 5 = -1. Give y(h).
2
Suppose 5*s - 6 = 3*a + 12, 0 = 2*s + 5*a - 32. Let z(m) = s*m + 2*m + 5 + m**2 + m - 2*m. What is z(-6)?
-1
Let b(k) = -k**3 - 5*k**2 - 2*k + 3. Let p be ((-20)/6)/(-5*8/(-60)). Determine b(p).
13
Suppose 3*z = -z. Let q be z + (-3)/(-6)*6. Let u be (-4)/6*q/2. Let v(f) = f**2 + f + 1. Give v(u).
1
Suppose 6*t - 15 = t - 3*c, -5*c = 0. Let x be 140/(-30) - (-2)/t. Let a(y) = y**2 + 5*y + 3. Give a(x).
-1
Let j = 0 + 0. Let v = 0 - j. Let r(h) = -h - 1. What is r(v)?
-1
Let h = 14 + -6. Let j = -3 + h. Let m(v) = j*v - 8 - v - 2*v. Calculate m(6).
4
Let b(o) = -7*o + 4. Suppose 0 = 5*s - 2*w + 26, -2*s + 6 = w + 11. Determine b(s).
32
Let j(s) be the second derivative of s**4/6 + s**3/3 - s**2 + s. Let l = -8 - -6. Determine j(l).
2
Suppose -2*s = 10, 2*a + 5 = s - 0*s. Let q(y) = y. Give q(a).
-5
Let d(m) = 5*m**2 + 5*m + 11. Let r(n) = -n**2 - 1. Let w(x) = x - 1. Let t = -4 - -6. Let j be w(t). Let o(h) = j*d(h) + 6*r(h). Give o(5).
5
Suppose -4 = 2*y - 3*y. Let c be (-24)/(-14) + y/14. Let v(r) = c*r - 3*r + 4*r + 3. Give v(-3).
-6
Let c(l) be the first derivative of 11*l**4/4 - 2*l**3/3 + l**2/2 + 49. Give c(1).
10
Let u(g) = g**3 + 4*g**2 + g. Suppose 1 = -q + 5. Suppose 4*t + 24 = 4*p, 5*t + 3*p - q = -10. Determine u(t).
6
Let m(x) = x**2 - 11*x + 3. Let h(t) = t + 1. Let k(d) = -2*h(d) - m(d). What is k(8)?
3
Let z(t) = 20 - 43 + 20 + 2*t. Give z(5).
7
Suppose -3*d - d = -12. Suppose d*y + n - 1 = -10, -5*n + 15 = 0. Let r(j) = j**3 + 5*j**2 + 5*j - 1. Give r(y).
-5
Let t(j) = 7*j**2 + 2*j + 1. Let z(q) = -q. Let b be z(-5). Let c = 3 + -9. Let o = c + b. Calculate t(o).
6
Let p be -1*3 + (24/(-6) - -5). Let r(g) = g**2 - 2*g - 2. Give r(p).
6
Let z(q) = 2*q**3 + 7*q**2 + 3*q - 3. Let h be z(-3). Let u(g) = g**3 - 4*g - 1. Calculate u(h).
-16
Let x(h) = 2*h + 1. Let c(f) = 2*f**2 + 2*f - 1. Let u(s) = -s**3 + 2*s**2 + 2*s - 3. Let k be u(2). Let p be c(k). Give x(p).
7
Let u(l) = -l**2 - l. Let p(y) = -5*y**2 - 6*y + 2. Let o(f) = p(f) - 4*u(f). What is o(-6)?
-22
Let g(p) = -2*p**3 + 7*p**2. Let x(k) = 3*k**3 - 8*k**2 + k - 1. Let q(t) = 4*g(t) + 3*x(t). What is q(-3)?
-3
Let i(b) = b. Let a(c) = 2*c - 1. Let v(n) = -2*a(n) + 5*i(n). Determine v(-4).
-2
Let d(i) be the second derivative of i**6/180 - i**4/6 + 4*i. Let y(u) be the third derivative of d(u). What is y(-1)?
-4
Let p(r) = -5*r**2 + 3*r + 3. Let c(d) = d**2 + d. Let x(z) = -2*z**2 - 3*z - 1. Let h(v) = 3*c(v) + x(v). Let q(a) = -4*h(a) - p(a). Give q(3).
1
Suppose 2*g + 3*g - 45 = 0. Suppose -2*n - 33 = -4*b - g, 2*n = -4*b. Let j(h) = h**2 + 6*h + 5. Calculate j(n).
5
Let u(g) = -g**3 - g**2 - g - 1. Let w(k) = -k**3 - 2*k. Let m(c) = -2*u(c) + 3*w(c). Determine m(2).
-6
Let p be (0 + 3)*(-3)/(-9). Let l(a) = -a + 2. Give l(p).
1
Suppose -4*c + 5*v - 22 = 0, 2*v + v + 46 = -5*c. Suppose 6*m - 8 = 4*m. Let g = c + m. Let y(n) = -n**3 - 5*n**2 - 4*n - 5. Give y(g).
-5
Let y = -4 + 3. Suppose 3*a = -2*a + u + 46, -u = 2*a - 17. Let l(i) = -3*i + 0*i + 0*i - 10 + a. What is l(y)?
2
Let b be (-3)/2*(-60)/(-9). Let n = b + 9. Let w(q) = -11*q**2 - q - 6. Let h(j) = -1. Let g(i) = -6*h(i) + w(i). Calculate g(n).
-10
Suppose 2*s + 2*s + 2 = -5*v, 4*s + 20 = 4*v. Let c(l) = 2*l**2 - 32*l + 27*l - l**v. Determine c(4).
-4
Let y(a) be the first derivative of -a**4/4 + 2*a**3 + 4*a**2 - 4*a - 10. Give y(7).
3
Suppose 2*d - 2*m - 18 = 0, 0 = 5*d + 2*m + m - 53. Let i = 6 - 4. Suppose -5*u = 0, 2*l + d = u + i*u. Let f(j) = j + 4. Determine f(l).
-1
Let x = -40 + 42. Let o(i) = -i**3 + 2*i**2 - i - 1. What is o(x)?
-3
Let d(l) = 3*l**2 + 15*l + 8. Let w(v) = v**2 + 7*v + 4. Let k(t) = -2*d(t) + 5*w(t). Let i = 0 - -5. Calculate k(i).
4
Suppose -3*f = -0 - 6. Let a(p) = p**2 - 9*p + 1. Let o be a(9). Let g be ((-3 - -1) + f)/o. Let d(u) = -u**2 + u + 1. Calculate d(g).
1
Suppose -5*t + 21 = -4*d, 4*d + 18 = 2*t - 0*t. Let j(w) = 2*w**3 + 0 + t - 5*w**3 + 4*w**2 - 5*w**2. Calculate j(1).
-3
Let s = -36 + 41. Let c(t) = t**2 - 3*t - 5. Calculate c(s).
5
Let p(c) = -2*c**2. Let l be p(1). Let g = l - -4. Let v(b) = -g - b - 3 + 4. What is v(0)?
-1
Let c = 9 - 11. Let y(g) = 13*g**2 - 7*g - 9. Let l(k) = 3*k**2 - 2*k - 2. Let j(h) = c*y(h) + 9*l(h). Suppose 3 + 3 = 2*s. Calculate j(s).
-3
Suppose -2*y + 3 = 1. Suppose 3*b - y - 5 = 0. Let z(k) = -2 - 3*k - 2 + k**b + k**3 + 2*k**2. Calculate z(-3).
5
Suppose 4*m - 12 = 5*x + 3*m, 3*x + 24 = -5*m. Let p(a) be the second derivative of -a**2 + 0 - 5*a - 5/6*a**3 - 1/12*a**4. Give p(x).
4
Let i(x) = -x**3 - 3*x**2 + 4*x - 5. Let t = 11 - 15. Determine i(t).
-5
Let x(t) = t + 12. Suppose 4*a + 59 = 4*m + m, -3*m = 2*a + 13. Give x(a).
1
Let y(b) = -2*b**3 + 2*b + 13. Let i(s) = s**3 - s - 7. Let r(u) = -11*i(u) - 6*y(u). Calculate r(-2).
-7
Let k(g) = 2*g**3 - g**2 + g + 2. Suppose -5*d - 4 = 3*l, l - 3*d - 3 = 5. What is k(l)?
16
Let o(a) = 5*a**2 - 4*a**2 + 5 - 9*a + 17*a. What is o(-7)?
-2
Let t(z) = 2*z. Let x(a) = 10*a - 7. Let q(f) = -3*f + 2. Let s(h) = -7*q(h) - 2*x(h). Let w be s(3). Let y = 4 - w. Calculate t(y).
2
Let z(n) = 2*n + 8. Let q(p) be the second derivative of -p**4/12 - p**3/2 - p**2 - 4*p. Let k be q(-4). What is z(k)?
-4
Let n(f) = 9*f**3 + 2 - 4 - f**2 + 1 + 2*f. Give n(1).
9
Let f(a) = -2*a + 1. Let i(m) = 2*m**2 - 9*m + 5. Let y(p) = p**2 + 1. Let t(g) = i(g) - y(g). Let u be t(8). Give f(u).
9
Let l(u) = -u**2 + 5*u + 2. Suppose -3*b = -3*j - 9, 3*b - 2*b + 3*j - 15 = 0. Suppose 4 + b = 2*c. What is l(c)?
2
Let g(q) = 3*q**3 + 2*q - 1. Let b = -1 - -3. Suppose b = -4*f + 6*f. What is g(f)?
4
Let a be (6 - 7) + 1*10. Let c = a - 4. Let t(s) = -s**3 + 5*s**2 - s - 1. What is t(c)?
-6
Let v(s) = s**2 - 2. Let m(x) = 3*x**2 + 5*x - 2. Let w(n) = 10*n**2 + 14*n - 7. Let t(p) = 7*m(p) - 2*w(p). Let y be (2 - (-2)/6)*-3. Let q be t(y). Give v(q).
-2
Suppose -4*m + 6 = 6. Let l(z) = z + 7. What is l(m)?
7
Let t = 6 + -4. Suppose 4*k + 7 = 3*h + 5*k, -2*k = 10. Let s(b) = 4*b**2 + b - b**t + 4 + h*b**3 - 2*b**2 - 3*b**3. Calculate s(0).
4
Let w(t) be the second derivative of t**3/2 - 3*t**2/2 + 4*t. Calculate w(2).
3
Let m(n) = -9*n**2 - 6*n - 1. Let w(k) = 17*k**2 + 11*k + 2. Let s(v) = -11*m(v) - 6*w(v). Determine s(-1).
-4
Let f(p) = p - 2*p + 1 + 3. Suppose 2*w - w = -8. Let z(l) = -l**3 - 9*l**2 - 9*l - 8. Let k be z(w). Give f(k).
4
Let z = -13 + 23. Let r(w) = 1. Let c(f) = 2*f - 1. Let q(d) = c(d) - 3*r(d). Let v(h) = 3*h - 7. Let a(b) = z*q(b) - 6*v(b). What is a(-5)?
-8
Let b = 9 - 6. Let a be 2/b + 44/(-12). Let s(p) = 4*p + 4*p**2 - 1 + 3 - 3*p**2. Calculate s(a).
-1
Let u be (-1)/5 - 28/10. Let h(z) = 27 - 2*z - 28 + 3*z. Give h(u).
-4
Let p be (-11)/(-4) - 3/(-12). Let b be (-3 - p - -3)/(-1). Let v(t) = 4*t**3 + t**2 + 0*t**b - t + 2*t**3 - t**3. Calculate v(1).
5
Let b be ((-4)/4)/(1/(-3)). Let x = 3 - b. Let w(u) = x*u + 6*u + 10 